{"id":7,"date":"2026-05-10T17:41:58","date_gmt":"2026-05-10T17:41:58","guid":{"rendered":"https:\/\/laivasilta2026.digitahti.fi\/?page_id=7"},"modified":"2026-05-10T17:41:58","modified_gmt":"2026-05-10T17:41:58","slug":"etusivu","status":"publish","type":"page","link":"https:\/\/laivasilta2026.digitahti.fi\/","title":{"rendered":"Etusivu"},"content":{"rendered":"\n<h2 class=\"wp-block-heading\">Saapuminen<\/h2>\n\n\n\n<h3 class=\"wp-block-heading\">Veneell\u00e4<\/h3>\n\n\n\n<p>Laivasillan Vierasvenesatama sijaitsee Loviisanlahden pohjukassa koordinaateissa&nbsp;<strong>60\u00b0 27,2\u2019 N\/ 26\u00b0 14,2\u2019 E<\/strong>. Vierasvenesatamassa on 60 venepaikkaa.<\/p>\n\n\n\n<h3 class=\"wp-block-heading\">Julkisilla<\/h3>\n\n\n\n<p>Laivasillan l\u00e4heisyyteen Loviisan keskustaan p\u00e4\u00e4see julkisilla liikennev\u00e4lineill\u00e4, kun valitsee bussivuoron, joka pys\u00e4htyy linja-autoasemalle. Sielt\u00e4 on noin 800 metrin k\u00e4velymatka halki kauniin Rantapuiston ja olet perill\u00e4.<\/p>\n\n\n\n<h3 class=\"wp-block-heading\">Omalla autolla<\/h3>\n\n\n\n<p>Laivasillalla on isohko parkkipaikka, jossa on nelj\u00e4 s\u00e4hk\u00f6auton latauspistett\u00e4.<\/p>\n","protected":false},"excerpt":{"rendered":"<p>Saapuminen Veneell\u00e4 Laivasillan Vierasvenesatama sijaitsee Loviisanlahden pohjukassa koordinaateissa&nbsp;60\u00b0 27,2\u2019 N\/ 26\u00b0 14,2\u2019 E. Vierasvenesatamassa on 60 venepaikkaa. Julkisilla Laivasillan l\u00e4heisyyteen Loviisan keskustaan p\u00e4\u00e4see julkisilla liikennev\u00e4lineill\u00e4, kun valitsee bussivuoron, joka pys\u00e4htyy linja-autoasemalle. Sielt\u00e4 on noin 800 metrin k\u00e4velymatka halki kauniin Rantapuiston ja olet perill\u00e4. Omalla autolla Laivasillalla on isohko parkkipaikka, jossa on nelj\u00e4 s\u00e4hk\u00f6auton latauspistett\u00e4.<\/p>\n","protected":false},"author":1,"featured_media":0,"parent":0,"menu_order":0,"comment_status":"closed","ping_status":"closed","template":"","meta":{"footnotes":""},"class_list":["post-7","page","type-page","status-publish","hentry"],"_links":{"self":[{"href":"https:\/\/laivasilta2026.digitahti.fi\/index.php\/wp-json\/wp\/v2\/pages\/7","targetHints":{"allow":["GET"]}}],"collection":[{"href":"https:\/\/laivasilta2026.digitahti.fi\/index.php\/wp-json\/wp\/v2\/pages"}],"about":[{"href":"https:\/\/laivasilta2026.digitahti.fi\/index.php\/wp-json\/wp\/v2\/types\/page"}],"author":[{"embeddable":true,"href":"https:\/\/laivasilta2026.digitahti.fi\/index.php\/wp-json\/wp\/v2\/users\/1"}],"replies":[{"embeddable":true,"href":"https:\/\/laivasilta2026.digitahti.fi\/index.php\/wp-json\/wp\/v2\/comments?post=7"}],"version-history":[{"count":1,"href":"https:\/\/laivasilta2026.digitahti.fi\/index.php\/wp-json\/wp\/v2\/pages\/7\/revisions"}],"predecessor-version":[{"id":9,"href":"https:\/\/laivasilta2026.digitahti.fi\/index.php\/wp-json\/wp\/v2\/pages\/7\/revisions\/9"}],"wp:attachment":[{"href":"https:\/\/laivasilta2026.digitahti.fi\/index.php\/wp-json\/wp\/v2\/media?parent=7"}],"curies":[{"name":"wp","href":"https:\/\/api.w.org\/{rel}","templated":true}]}}